inder when 537 is divided by 10?
7
Calculate the remainder when 208 is divided by 58.
34
What is the remainder when 3078 is divided by 22?
20
Calculate the remainder when 210 is divided by 31.
24
Calculate the remainder when 564 is divided by 63.
60
What is the remainder when 1673 is divided by 206?
25
What is the remainder when 355 is divided by 174?
7
What is the remainder when 162 is divided by 50?
12
Calculate the remainder when 128 is divided by 20.
8
Calculate the remainder when 5829 is divided by 54.
51
What is the remainder when 160 is divided by 55?
50
Calculate the remainder when 1299 is divided by 92.
11
Calculate the remainder when 1722 is divided by 23.
20
Calculate the remainder when 468 is divided by 24.
12
What is the remainder when 1058 is divided by 106?
104
What is the remainder when 71 is divided by 19?
14
Calculate the remainder when 11270 is divided by 51.
50
What is the remainder when 121 is divided by 14?
9
What is the remainder when 293 is divided by 42?
41
What is the remainder when 182 is divided by 4?
2
What is the remainder when 414 is divided by 69?
0
What is the remainder when 152 is divided by 12?
8
What is the remainder when 527 is divided by 14?
9
Calculate the remainder when 826 is divided by 36.
34
Calculate the remainder when 133 is divided by 95.
38
Calculate the remainder when 973 is divided by 52.
37
Calculate the remainder when 357 is divided by 25.
7
Calculate the remainder when 1081 is divided by 72.
1
Calculate the remainder when 29 is divided by 17.
12
Calculate the remainder when 155 is divided by 52.
51
Calculate the remainder when 2463 is divided by 17.
15
What is the remainder when 82 is divided by 67?
15
Calculate the remainder when 464 is divided by 111.
20
What is the remainder when 275 is divided by 66?
11
What is the remainder when 321 is divided by 41?
34
Calculate the remainder when 8819 is divided by 42.
41
What is the remainder when 342 is divided by 17?
2
What is the remainder when 239 is divided by 40?
39
Calculate the remainder when 195 is divided by 41.
31
Calculate the remainder when 8408 is divided by 13.
10
Calculate the remainder when 1138 is divided by 76.
74
Calculate the remainder when 17 is divided by 6.
5
Calculate the remainder when 2723 is divided by 40.
3
What is the remainder when 140 is divided by 54?
32
What is the remainder when 1147 is divided by 39?
16
What is the remainder when 486 is divided by 49?
45
What is the remainder when 330 is divided by 158?
14
What is the remainder when 690 is divided by 5?
0
Calculate the remainder when 19043 is divided by 214.
211
What is the remainder when 2233 is divided by 73?
43
Calculate the remainder when 17157 is divided by 39.
36
What is the remainder when 1019 is divided by 179?
124
What is the remainder when 1900 is divided by 127?
122
Calculate the remainder when 547 is divided by 25.
22
Calculate the remainder when 13773 is divided by 25.
23
What is the remainder when 645 is divided by 19?
18
What is the remainder when 194 is divided by 30?
14
What is the remainder when 36 is divided by 33?
3
Calculate the remainder when 1183 is divided by 43.
22
What is the remainder when 2519 is divided by 15?
14
What is the remainder when 3066 is divided by 99?
96
Calculate the remainder when 1197 is divided by 169.
14
What is the remainder when 139 is divided by 12?
7
Calculate the remainder when 4102 is divided by 676.
46
Calculate the remainder when 512 is divided by 27.
26
What is the remainder when 268 is divided by 63?
16
What is the remainder when 77 is divided by 26?
25
What is the remainder when 2897 is divided by 29?
26
Calculate the remainder when 1778 is divided by 110.
18
Calculate the remainder when 132 is divided by 117.
15
Calculate the remainder when 700 is divided by 26.
24
Calculate the remainder when 12114 is divided by 26.
24
Calculate the remainder when 651 is divided by 32.
11
What is the remainder when 837 is divided by 56?
53
Calculate the remainder when 245 is divided by 41.
40
What is the remainder when 403 is divided by 235?
168
What is the remainder when 149 is divided by 14?
9
Calculate the remainder when 209 is divided by 21.
20
Calculate the remainder when 315 is divided by 111.
93
Calculate the remainder when 114 is divided by 14.
2
What is the remainder when 17 is divided by 10?
7
Calculate the remainder when 591 is divided by 155.
126
Calculate the remainder when 139 is divided by 58.
23
Calculate the remainder when 247 is divided by 126.
121
Calculate the remainder when 401 is divided by 151.
99
What is the remainder when 71 is divided by 59?
12
Calculate the remainder when 4243 is divided by 19.
6
What is the remainder when 147 is divided by 37?
36
What is the remainder when 8313 is divided by 6?
3
Calculate the remainder when 543 is divided by 30.
3
What is the remainder when 115 is divided by 100?
15
Calculate the remainder when 2609 is divided by 58.
57
Calculate the remainder when 47 is divided by 7.
5
What is the remainder when 169 is divided by 9?
7
Calculate the remainder when 421 is divided by 142.
137
What is the remainder when 377 is divided by 234?
143
Calculate the remainder when 261 is divided by 88.
85
What is the remainder when 115 is divided by 31?
22
What is the remainder when 1141 is divided by 35?
21
Calculate the remainder when 572 is divided by 569.
3
Calculate the remainder when 909 is divided by 73.
33
What is the remainder when 160 is divided by 97?
63
Calculate the remainder when 2243 is divided by 205.
193
What is the remainder when 186 is divided by 63?
60
Calculate the remainder when 774 is divided by 21.
18
What is the remainder when 81 is divided by 3?
0
Calculate the remainder when 496 is divided by 264.
232
Calculate the remainder when 12669 is divided by 32.
29
Calculate the remainder when 274 is divided by 48.
34
Calculate the remainder when 125 is divided by 21.
20
What is the remainder when 14 is divided by 8?
6
What is the remainder when 81 is divided by 31?
19
What is the remainder when 153 is divided by 26?
23
Calculate the remainder when 13966 is divided by 72.
70
Calculate the remainder when 64 is divided by 52.
12
Calculate the remainder when 99 is divided by 16.
3
Calculate the remainder when 1337 is divided by 22.
17
Calculate the remainder when 781 is divided by 157.
153
What is the remainder when 688 is divided by 15?
13
What is the remainder when 33 is divided by 33?
0
Calculate the remainder when 28 is divided by 14.
0
What is the remainder when 5301 is divided by 354?
345
What is the remainder when 274 is divided by 46?
44
Calculate the remainder when 241 is divided by 76.
13
What is the remainder when 762 is divided by 688?
74
Calculate the remainder when 7363 is divided by 28.
27
Calculate the remainder when 40 is divided by 17.
6
What is the remainder when 212 is divided by 12?
8
What is the remainder when 342 is divided by 83?
10
Calculate the remainder when 100 is divided by 21.
16
Calculate the remainder when 686 is divided by 81.
38
Calculate the remainder when 400 is divided by 158.
84
Calculate the remainder when 1452 is divided by 424.
180
What is the remainder when 392 is divided by 43?
5
Calculate the remainder when 3991 is divided by 1991.
9
Calculate the remainder when 381 is divided by 124.
9
What is the remainder when 339 is divided by 45?
24
What is the remainder when 401 is divided by 52?
37
Calculate the remainder when 207 is divided by 43.
35
Calculate the remainder when 674 is divided by 25.
24
What is the remainder when 31 is divided by 30?
1
What is the remainder when 267 is divided by 85?
12
Calculate the remainder when 213 is divided by 72.
69
Calculate the remainder when 7752 is divided by 33.
30
What is the remainder when 471 is divided by 120?
111
Calculate the remainder when 766 is divided by 170.
86
What is the remainder when 888 is divided by 9?
6
What is the remainder when 376 is divided by 298?
78
What is the remainder when 365 is divided by 61?
60
Calculate the remainder when 1190 is divided by 592.
6
What is the remainder when 132 is divided by 21?
6
Calculate the remainder when 1221 is divided by 17.
14
What is the remainder when 31 is divided by 19?
12
What is the remainder when 455 is divided by 113?
3
What is